 = -9. What is the tens digit of q?
4
Suppose 22*j - 667 = 631. What is the tens digit of j?
5
Suppose 8 = 2*d + 2*d. Let c be (-1)/10*-986 - 4/(-10). Suppose d*z + c = 3*j, z - 165 = 4*j - 9*j. What is the units digit of j?
3
Let z be 5*(-3 - 22/(-10)). Let i = z - -4. Suppose 4*k + i*t - t = 113, -2*k - 3*t + 67 = 0. What is the tens digit of k?
2
Suppose 0 = 3*a - 3*o - 36, -3*a + 36 = -2*o + 3*o. What is the units digit of 4*(81/a - 0)?
7
Let k = -23 - -44. Suppose -k = z - 4*z. Suppose -4*s - 2*x = -2, 4*s - 2*x + 7*x = -z. What is the units digit of s?
2
What is the units digit of 9428*(-1)/(-3)*3/4?
7
Suppose -4*o - 312 = 2*l, -l - 5*o - 86 - 82 = 0. Let f = l - -251. What is the tens digit of f?
0
Let a = 10035 + -6242. What is the hundreds digit of a?
7
Let x be (5 - 0)/(0 + 1). Let d(l) = -l**3 + 5*l**2 + 2*l - 10. Let q be d(x). Suppose -220 = -q*h - 4*h. What is the tens digit of h?
5
Let v(k) = -k + 1. Let y be v(-5). Suppose y*h - 602 = -158. Suppose -5*z = -3*l - 82, 5*l = 5*z + 4*l - h. What is the units digit of z?
4
Let c = 159 + -154. Suppose -c*g + 216 = 4*g. What is the tens digit of g?
2
Let c(b) = b**3 + 2*b**2 - 2*b + 73. What is the thousands digit of c(12)?
2
Let k(z) = 21*z - 21. Let d be k(2). Suppose -d*y + 19*y + 228 = 0. What is the tens digit of y?
1
Let f be (1 - (-11)/1)*8/32. What is the tens digit of (-34)/((-2 - 14/10) + f)?
8
Suppose 2*c - 4*u = c - 8, -2*u + 18 = -4*c. Let j be -6 - -2 - c*7. Suppose a - j = 21. What is the tens digit of a?
4
Let q = 326 - -201. What is the tens digit of q?
2
Let m(t) = -t**3 - t**2 + 4*t + 1. Suppose 3*g + 23 = 4*g. Let k = -27 + g. What is the tens digit of m(k)?
3
Let c = -26 - 1. Let p = -15 - c. Suppose n - 11 = p. What is the units digit of n?
3
Let o(h) = -37 - 3*h - 2*h**2 + 32 + 27*h**2. What is the units digit of o(-2)?
1
Suppose -j + d = 79, -5*j - 4*d = -4*j + 79. Let p = 251 + j. What is the tens digit of p?
7
Suppose 5*h = 1039 + 3936. What is the hundreds digit of h?
9
Let d(a) = a**3 + 4*a**2 - a - 1. Let w be d(-4). What is the units digit of (3/(w/(-2)))/(8/(-20))?
5
Let b(g) = -11*g + 0*g**2 + 12 + g**2 + 3*g - 2*g**2. Let u be b(-9). Suppose -a = -j + u*a + 35, a - 35 = -j. What is the tens digit of j?
3
Let u = 343 - -379. Suppose a - 5*a = 2*v - u, -5 = -v. What is the tens digit of a?
7
What is the tens digit of (4 + 2)*(-57680)/(-105)?
9
Let y = -14 - -5. What is the units digit of (-75)/y + 3/(-9)?
8
Let p(f) = f**3 - 6*f**2 + 4. Let s be p(6). Let q(a) = 4*a + 8 - 5 + s. What is the units digit of q(5)?
7
Let j = -65 + 227. Suppose -j - 98 = -5*l. What is the units digit of l?
2
Let p = -2444 + 3682. What is the hundreds digit of p?
2
Let u(x) = x - 2. Let n be u(5). What is the units digit of 6 + 0 + 12/n?
0
Let y(s) = 3*s - 21. Let u be y(8). Suppose 6*q - 390 = u*q. What is the tens digit of q?
3
Suppose -2304 - 16232 = -28*h. What is the tens digit of h?
6
Let i be -2 - 4/6*(-90)/12. Suppose -i*a = 9*a - 1176. What is the units digit of a?
8
Suppose 0 = k + 5*u - 604, -k - 1812 = -4*k + 4*u. What is the hundreds digit of k?
6
What is the hundreds digit of 15*(272/20 - -6)?
2
Let l be (-34)/(-12) + 2/12. What is the units digit of (5 - l) + 3 + 2 + -4?
3
Suppose 3*d - 2*j - 7 = 0, -3*d + 3*j + 3 = -0. Suppose 0*a - 4*a + 129 = d*x, x - 1 = 0. What is the units digit of a?
1
Let d(w) = 21*w**2 - 20*w + 97. What is the thousands digit of d(8)?
1
Let w(j) = 6*j**3 - 2*j**2 - 3*j - 6. Let m be w(-2). Let b = m + 97. What is the tens digit of b?
4
Suppose -4*a - 5*c - 488 = -0*c, -4*c + 452 = -4*a. Let p = a - -164. What is the units digit of p?
7
Suppose -4*z = -6*y + 3*y + 1031, 0 = 2*y + z - 680. What is the tens digit of y?
4
Let u(a) = -a**3 + 13*a**2 + 31*a - 19. Let x be u(15). What is the tens digit of x/3 + 0 + (-668)/(-6)?
1
Suppose w + 807 = 4*w + 3*u, 4*u - 808 = -3*w. Suppose 4*a = -2*v + w, 403 + 34 = 3*v - a. Let r = v - 103. What is the tens digit of r?
4
Let l(m) = 526*m**2 - 3*m - 5. What is the tens digit of l(-1)?
2
Suppose -u + 30 - 12 = 0. What is the hundreds digit of (-4)/2 - (-1872)/u?
1
Suppose 2*y = -2*g + 4*g + 10, 5*g - y = -37. Let o(s) = -17*s + 40. What is the tens digit of o(g)?
7
Let z = -1329 + 1970. What is the units digit of z?
1
Let g = -1723 + 3246. What is the tens digit of g?
2
Let l = -2151 - -3692. What is the tens digit of l?
4
Let d = 1035 - 469. What is the tens digit of d?
6
Let l(u) = 431*u - 15. What is the units digit of l(2)?
7
Let l = -817 - -1393. What is the units digit of l?
6
Let r(q) = 686*q - 3. What is the hundreds digit of r(1)?
6
Suppose 77*a + 16 = 81*a. Suppose -a*x = -q - 207 - 599, 2*x = 5*q + 412. What is the units digit of x?
1
Let c be -36*(12/(-9) + -2). Suppose 3*m + 60 = i, 0*m + c = 2*i - m. Suppose 6*d - 312 = -i. What is the tens digit of d?
4
Suppose 0 = -v + 19*v + 9954. Let i = -364 - v. What is the tens digit of i?
8
Let x = -27 + 33. Suppose x*j - 180 = 222. What is the tens digit of j?
6
What is the hundreds digit of (23 + -3)*(-33)/(-2)?
3
Let d = -129 + 1576. What is the tens digit of d?
4
Let i be -10 + (-1)/((-4)/4). Let s = 48 - i. What is the tens digit of s?
5
Let z be (-70)/(-15) + (-4)/6. Suppose z*d + 358 = 6*d. What is the hundreds digit of d?
1
Let q = -8 + 26. Suppose q - 54 = -n. Let p = n - 1. What is the units digit of p?
5
Let j(i) = -i**2 - 4*i + 5. Let r be j(-5). Let p(b) = -6*b - 69. Let m(a) = 4*a + 66. Let u(y) = 4*m(y) + 3*p(y). What is the tens digit of u(r)?
5
Let r(q) = q**2 + 21*q - 9. Let i be (-13 + 10)/(-3*(-2)/(-16)). What is the units digit of r(i)?
3
Let k(c) = -c**2 + 10*c - 23. Let p be k(12). Let u = p + 3. What is the tens digit of (-6)/(48/u)*12?
6
Let x(f) = 593*f**2 + 3*f. What is the units digit of x(-1)?
0
Suppose -30*n - 74316 = -74*n. What is the hundreds digit of n?
6
Suppose -f = -2*w - 121, 14*f - 9*f - 632 = w. What is the units digit of f?
7
Let v(q) = 36 + 0*q - 28 - 18 + q. Let r be 15*(2 + (-12)/10). What is the units digit of v(r)?
2
Let w = -4 - -4. Let d be 5/((-3)/(72/(-20))). Suppose -3*u + 72 + d = w. What is the tens digit of u?
2
Let l(a) = -3 + 1 + 7*a - 3 + 5*a**2. What is the tens digit of l(2)?
2
Let r = 6 - 4. Suppose 2*w - 3*f = 120 - 35, -r*w + 81 = f. What is the tens digit of w?
4
Let q be (1/(1/(-2)))/(2/1). Let n(c) = -71*c - 3. What is the tens digit of n(q)?
6
Let m = 6 + -5. Let q be m*(-2 + -2 - -90). Suppose -2*o + 8 + 38 = -4*k, 0 = 4*o - 2*k - q. What is the units digit of o?
1
Let v(l) = l**2 - 10*l + 14. Let c be v(7). Let h(b) = b**2 + 5*b + 13. What is the tens digit of h(c)?
2
Let z(a) = 2*a**2 + 2*a + 1. Let q be z(-1). Suppose 0 = 3*i - m - q - 6, -21 = -i + 5*m. Let t(j) = 27*j - 2. What is the units digit of t(i)?
5
Let t(v) = 15*v - 203. What is the units digit of t(23)?
2
Let c be (60/(-18))/(((-8)/(-6))/4). Let g(d) = -3*d - 8. What is the units digit of g(c)?
2
Let k(w) = w - 3. Let t be k(3). Suppose 3*j + t*j + 24 = 0. What is the units digit of -2 + 7/((-7)/j)?
6
Suppose 3*t = 4*h + 13, -t + 2 - 7 = h. Let a(n) be the first derivative of -7*n**2/2 - 6*n - 1. What is the tens digit of a(h)?
2
Let m be (48/(-32))/((-6)/(-416)). Let a = m - -221. What is the units digit of a?
7
Let g be (-4)/6 - (-280)/60. Suppose -z - g*z + 1140 = 0. What is the hundreds digit of z?
2
Let g be (-1)/(-4 + (-333)/(-84)). Suppose -g = -4*d + 24. Suppose -t + 2 = -d. What is the units digit of t?
5
Suppose -a + 8 = a. Suppose -a*v + 8 = -0. Suppose -128 = -4*g - 2*i - v*i, -4*i + 4 = 0. What is the units digit of g?
1
What is the thousands digit of (-4*(-10)/(-120))/(1/(-9804))?
3
Let a(k) = -23*k - 2. Let l be a(-1). Suppose l*s - 20*s - 8 = 0. What is the units digit of s?
8
Let x = -65 + 69. Suppose 3*u - 3*v + 69 = 0, 2*u - 25 = 5*v - 77. What is the tens digit of 2 - (u + x + -1)?
2
Let g be (-1 - 0) + -3 - 146. Let d = g + 216. What is the tens digit of d?
6
Let c(w) = 7*w**2 + 11*w + 9. Let s(x) = -8*x**2 - 11*x - 10. Let u(p) = -7*c(p) - 6*s(p). Let n be u(-10). Suppose -2*z = -n - 9. What is the units digit of z?
8
Let v = 1028 + 2468. What is the thousands digit of v?
3
Let t = 10 - 8. Let m(p) = 17 + 2*p + 7*p**2 - 8*p**t - 20*p. What is the tens digit of m(-15)?
6
Let s be 5/(-25) +